.
159
What is the highest common factor of 527 and 5440?
17
What is the highest common factor of 1438 and 53925?
719
What is the highest common divisor of 95870 and 15?
5
Calculate the greatest common factor of 1120 and 647150.
70
Calculate the greatest common divisor of 17873 and 61.
61
Calculate the highest common divisor of 259888 and 259.
37
Calculate the greatest common divisor of 792 and 19206.
198
What is the highest common divisor of 22 and 41162?
22
Calculate the greatest common factor of 2954 and 370094.
422
What is the highest common divisor of 4508 and 868?
28
What is the highest common divisor of 46160 and 14160?
80
What is the highest common factor of 1440 and 118980?
180
What is the highest common divisor of 11685 and 1599?
123
Calculate the greatest common divisor of 111 and 2154.
3
Calculate the greatest common factor of 832 and 640016.
208
Calculate the highest common divisor of 270155 and 2840.
355
Calculate the highest common divisor of 32 and 44680.
8
What is the highest common factor of 37 and 15947?
37
Calculate the highest common factor of 4329604 and 601.
601
Calculate the highest common factor of 178 and 1480871.
89
Calculate the greatest common factor of 11 and 37081.
11
Calculate the greatest common factor of 972 and 82377.
243
Calculate the greatest common factor of 1182 and 211578.
1182
Calculate the greatest common factor of 2992 and 14256.
176
Calculate the greatest common factor of 48290 and 1430.
110
Calculate the highest common divisor of 11979 and 45.
9
What is the highest common divisor of 680 and 2355010?
170
What is the greatest common factor of 459 and 1836?
459
Calculate the highest common divisor of 305 and 53863.
61
What is the highest common factor of 642328 and 187?
17
What is the highest common divisor of 100 and 41525?
25
What is the highest common divisor of 16296 and 456?
24
What is the highest common factor of 24046 and 6182?
22
Calculate the greatest common divisor of 4920 and 4560.
120
Calculate the greatest common factor of 2679 and 381273.
57
Calculate the greatest common factor of 364225 and 12325.
425
Calculate the highest common divisor of 76 and 15148.
4
What is the greatest common factor of 822 and 2690817?
411
What is the greatest common divisor of 2124 and 375358?
118
What is the greatest common factor of 282048 and 195?
39
Calculate the greatest common divisor of 2415 and 1035.
345
What is the greatest common factor of 174510 and 30?
30
What is the highest common divisor of 28440 and 855?
45
Calculate the highest common divisor of 34006 and 42.
14
What is the highest common divisor of 10712 and 464736?
824
What is the highest common factor of 12584 and 8096?
88
Calculate the greatest common factor of 135492 and 804.
12
Calculate the greatest common factor of 12642 and 4851.
147
Calculate the greatest common factor of 189317 and 18259.
961
Calculate the greatest common divisor of 164876 and 4.
4
What is the greatest common divisor of 27169 and 2959?
269
What is the highest common divisor of 844 and 36503?
211
Calculate the highest common divisor of 451 and 6424.
11
What is the highest common factor of 9699 and 8427?
159
What is the highest common factor of 6644 and 176?
44
Calculate the greatest common divisor of 333 and 2194803.
333
What is the greatest common factor of 320 and 20096?
64
Calculate the highest common divisor of 8272 and 143.
11
What is the highest common factor of 528 and 6960?
48
What is the greatest common divisor of 25320 and 9000?
120
What is the highest common factor of 61711 and 22607?
611
Calculate the highest common divisor of 8 and 78124.
4
Calculate the greatest common factor of 115 and 46.
23
What is the greatest common factor of 135 and 1861500?
15
What is the highest common factor of 1708 and 16897?
61
Calculate the greatest common divisor of 31 and 5062.
1
What is the highest common divisor of 228 and 171570?
114
What is the highest common divisor of 437 and 45011?
437
Calculate the greatest common factor of 57112 and 32.
8
What is the highest common divisor of 6443118 and 594?
594
Calculate the greatest common factor of 160 and 776240.
80
Calculate the highest common divisor of 33097 and 106486.
1439
Calculate the highest common factor of 22448 and 3312.
368
Calculate the highest common divisor of 838430 and 50.
10
Calculate the highest common factor of 19124 and 616.
28
Calculate the highest common factor of 10386 and 36928.
1154
Calculate the highest common factor of 1865 and 40.
5
What is the highest common factor of 104346 and 1606?
22
Calculate the highest common factor of 207399 and 807.
807
What is the highest common factor of 4094 and 17204?
46
Calculate the greatest common factor of 219341 and 2947.
421
Calculate the greatest common factor of 6776 and 160204.
484
What is the highest common divisor of 42 and 4767?
21
What is the highest common divisor of 1260 and 3690?
90
Calculate the greatest common factor of 69930 and 1512.
378
Calculate the highest common factor of 1012 and 4444.
44
What is the highest common factor of 12464 and 779?
779
Calculate the greatest common factor of 26 and 425906.
26
What is the greatest common factor of 12 and 3387?
3
Calculate the greatest common factor of 596 and 284.
4
What is the highest common factor of 576657 and 153?
153
What is the greatest common divisor of 18538 and 16146?
598
Calculate the highest common factor of 154574 and 7686.
854
What is the greatest common factor of 185895 and 765?
765
Calculate the highest common factor of 739 and 112.
1
What is the greatest common divisor of 30 and 21144?
6
Calculate the highest common factor of 1427855 and 1287.
143
Calculate the highest common factor of 4 and 13835.
1
Calculate the highest common divisor of 952 and 8666.
14
What is the greatest common divisor of 71158 and 1504?
94
Calculate the greatest common factor of 1748 and 47956.
76
Calculate the highest common factor of 16536 and 3640.
104
What is the highest common divisor of 54044 and 596?
4
Calculate the greatest common factor of 66703 and 140736.
733
Calculate the greatest common divisor of 466 and 161469.
233
Calculate the greatest common divisor of 1820 and 15652.
364
What is the highest common divisor of 10 and 332870?
10
Calculate the greatest common factor of 3468 and 1190.
34
What is the highest common divisor of 4137 and 777?
21
What is the highest common divisor of 8 and 13868?
4
Calculate the highest common factor of 966 and 87402.
42
What is the greatest common divisor of 884 and 11256?
4
Calculate the highest common divisor of 117 and 234039.
39
What is the greatest common factor of 227959 and 7453?
257
Calculate the highest common factor of 221280 and 270.
30
What is the greatest common factor of 14742 and 798?
42
What is the greatest common divisor of 4656 and 35211?
291
Calculate the highest common divisor of 8790 and 40.
10
Calculate the greatest common divisor of 16116 and 8194.
34
Calculate the highest common factor of 18538 and 702650.
598
Calculate the greatest common factor of 345 and 486405.
15
What is the highest common factor of 1317547 and 154?
77
What is the greatest common divisor of 2968 and 45580?
212
What is the highest common divisor of 2392 and 14536?
184
Calculate the highest common factor of 819 and 741.
39
What is the greatest common factor of 1287662 and 166?
166
What is the highest common factor of 15353 and 12584?
13
What is the greatest common divisor of 14190 and 4510?
110
What is the greatest common divisor of 14857 and 747?
83
What is the highest common factor of 76 and 205162?
38
What is the greatest common factor of 3477 and 6783?
57
What is the highest common factor of 5270 and 10880?
170
Calculate the highest common factor of 61 and 140849.
61
What is the highest common factor of 26098 and 2?
2
Calculate the highest common divisor of 200 and 162550.
50
Calculate the highest common factor of 62 and 248806.
62
Calculate the greatest common factor of 16580 and 200.
20
What is the highest common factor of 1692 and 82485?
423
What is the greatest common factor of 21 and 10160850?
21
Calculate the greatest common factor of 6976 and 654.
218
Calculate the highest common divisor of 294804 and 1116.
36
What is the greatest common factor of 150880 and 115?
1